
2, 193, 947
List the prime factors of 24237430.
2, 5, 7, 47, 53, 139
List the prime factors of 692731.
13, 4099
What are the prime factors of 548667?
3, 7, 2903
What are the prime factors of 1016651?
17, 79, 757
What are the prime factors of 12547939?
12547939
List the prime factors of 98381.
131, 751
List the prime factors of 898881.
3, 103, 2909
List the prime factors of 717897.
3, 97, 2467
List the prime factors of 68290.
2, 5, 6829
What are the prime factors of 8553279?
3, 7, 407299
List the prime factors of 3496248.
2, 3, 7, 991
List the prime factors of 7499136.
2, 3, 59, 331
List the prime factors of 111163.
13, 17, 503
What are the prime factors of 4775908?
2, 283, 4219
List the prime factors of 3663158.
2, 67, 27337
List the prime factors of 618134.
2, 11, 28097
List the prime factors of 230359.
223, 1033
What are the prime factors of 98427?
3, 7, 43, 109
List the prime factors of 65206.
2, 32603
What are the prime factors of 39564560?
2, 5, 7, 10093
What are the prime factors of 13972440?
2, 3, 5, 116437
What are the prime factors of 896080?
2, 5, 23, 487
What are the prime factors of 749482?
2, 374741
What are the prime factors of 5642162?
2, 47, 193, 311
What are the prime factors of 4356895?
5, 31, 28109
List the prime factors of 311854.
2, 241, 647
What are the prime factors of 240922?
2, 11, 47, 233
List the prime factors of 529165.
5, 7, 13, 1163
List the prime factors of 314189.
314189
List the prime factors of 289565.
5, 29, 1997
List the prime factors of 282220.
2, 5, 103, 137
What are the prime factors of 21934?
2, 11, 997
What are the prime factors of 1402830?
2, 3, 5, 11, 13, 109
What are the prime factors of 694775?
5, 27791
List the prime factors of 326674.
2, 163337
What are the prime factors of 68468?
2, 17117
What are the prime factors of 6757788?
2, 3, 563149
List the prime factors of 752648.
2, 13, 7237
What are the prime factors of 955577?
7, 136511
What are the prime factors of 27253?
27253
What are the prime factors of 26794475?
5, 37, 83, 349
List the prime factors of 16210.
2, 5, 1621
What are the prime factors of 21616424?
2, 31, 101, 863
What are the prime factors of 172591?
107, 1613
What are the prime factors of 3959031?
3, 71, 18587
What are the prime factors of 14342367?
3, 13, 31, 11863
What are the prime factors of 9393810?
2, 3, 5, 313127
What are the prime factors of 5527155?
3, 5, 149, 2473
What are the prime factors of 441832?
2, 55229
List the prime factors of 6340155.
3, 5, 167, 2531
What are the prime factors of 765723?
3, 7, 5209
List the prime factors of 2154864.
2, 3, 44893
List the prime factors of 9380361.
3, 509, 6143
What are the prime factors of 400047?
3, 133349
What are the prime factors of 10977778?
2, 7, 491, 1597
What are the prime factors of 3252046?
2, 7, 67, 3467
What are the prime factors of 3684115?
5, 736823
What are the prime factors of 4720352?
2, 7, 13, 1621
List the prime factors of 9530855.
5, 23, 179, 463
What are the prime factors of 5142889?
29, 37, 4793
List the prime factors of 737264.
2, 11, 59, 71
List the prime factors of 531388.
2, 11, 13, 929
What are the prime factors of 461244?
2, 3, 7, 17, 19
What are the prime factors of 520624?
2, 13, 2503
What are the prime factors of 1580533?
1580533
What are the prime factors of 193403?
7, 3947
List the prime factors of 14134991.
13, 83639
What are the prime factors of 8304493?
2713, 3061
What are the prime factors of 793377?
3, 13, 6781
List the prime factors of 318263.
11, 28933
What are the prime factors of 2735514?
2, 3, 83, 1831
What are the prime factors of 30393352?
2, 11, 345379
What are the prime factors of 283008?
2, 3, 11, 67
What are the prime factors of 379597?
379597
What are the prime factors of 28764?
2, 3, 17, 47
List the prime factors of 19124457.
3, 11, 579529
List the prime factors of 1859507.
13, 11003
List the prime factors of 595176.
2, 3, 24799
What are the prime factors of 30551300?
2, 5, 13, 71, 331
List the prime factors of 3795623.
13, 291971
List the prime factors of 6585810.
2, 3, 5, 7, 11, 2851
List the prime factors of 1019965.
5, 137, 1489
What are the prime factors of 118444?
2, 29611
What are the prime factors of 951842?
2, 475921
List the prime factors of 573399.
3, 7079
What are the prime factors of 702236?
2, 17, 23, 449
List the prime factors of 1809392.
2, 13, 8699
List the prime factors of 36655.
5, 7331
What are the prime factors of 2710158?
2, 3, 11, 3733
What are the prime factors of 26101279?
26101279
List the prime factors of 872615.
5, 199, 877
What are the prime factors of 2804640?
2, 3, 5, 5843
List the prime factors of 6062904.
2, 3, 28069
List the prime factors of 403114.
2, 201557
What are the prime factors of 512099?
7, 1493
List the prime factors of 1510990.
2, 5, 13, 59, 197
List the prime factors of 2016637.
7, 103, 2797
List the prime factors of 1635633.
3, 53, 127
What are the prime factors of 19825586?
2, 11, 23, 39181
List the prime factors of 1943061.
3, 647687
What are the prime factors of 733961?
29, 25309
What are the prime factors of 753274?
2, 19, 43, 461
List the prime factors of 334197.
3, 71, 523
List the prime factors of 2459955.
3, 5, 163997
What are the prime factors of 3508566?
2, 3, 281, 2081
List the prime factors of 6490576.
2, 73, 5557
What are the prime factors of 803594?
2, 11, 36527
List the prime factors of 324705.
3, 5, 21647
What are the prime factors of 2304041?
97, 23753
List the prime factors of 17471013.
3, 7, 19, 43787
What are the prime factors of 18057?
3, 13, 463
List the prime factors of 2249443.
7, 29, 1583
What are the prime factors of 3251844?
2, 3, 59, 1531
What are the prime factors of 110733?
3, 7, 5273
What are the prime factors of 117622?
2, 23, 2557
List the prime factors of 1475059.
23, 59, 1087
List the prime factors of 400748.
2, 19, 5273
List the prime factors of 4004490.
2, 3, 5, 7, 19069
List the prime factors of 41256.
2, 3, 191
List the prime factors of 807193.
807193
List the prime factors of 246682.
2, 123341
What are the prime factors of 3003196?
2, 7, 283, 379
List the prime factors of 965753.
17, 56809
List the prime factors of 2448818.
2, 29, 42221
What are the prime factors of 2581485?
3, 5, 113, 1523
List the prime factors of 4485147.
3, 61, 24509
What are the prime factors of 7228886?
2, 7, 516349
List the prime factors of 784366.
2, 11, 101, 353
What are the prime factors of 14850569?
41, 281, 1289
List the prime factors of 1182826.
2, 17, 19, 1831
List the prime factors of 475991.
475991
List the prime factors of 309004.
2, 67, 1153
List the prime factors of 962422.
2, 481211
What are the prime factors of 146735?
5, 29347
List the prime factors of 48643.
7, 6949
What are the prime factors of 83599?
41, 2039
List the prime factors of 230918.
2, 115459
List the prime factors of 63311.
63311
What are the prime factors of 346888?
2, 131, 331
List the prime factors of 77492.
2, 19373
List the prime factors of 5796458.
2, 2898229
What are the prime factors of 6891836?
2, 7, 101, 2437
List the prime factors of 3658365.
3, 5, 3011
What are the prime factors of 225611?
225611
What are the prime factors of 3026098?
2, 1513049
What are the prime factors of 317666?
2, 29, 5477
List the prime factors of 6802639.
47, 144737
What are the prime factors of 37661317?
97, 157, 2473
What are the prime factors of 7792?
2, 487
What are the prime factors of 817443?
3, 11, 23, 359
What are the prime factors of 815460?
2, 3, 5, 13591
What are the prime factors of 471276?
2, 3, 13, 19, 53
What are the prime factors of 249378?
2, 3, 89, 467
List the prime factors of 111098.
2, 13, 4273
What are the prime factors of 947089?
11, 13, 37, 179
What are the prime factors of 53483?
79, 677
What are the prime factors of 2743207?
2743207
What are the prime factors of 279090?
2, 3, 5, 7, 443
What are the prime factors of 258358?
2, 101, 1279
What are the prime factors of 3564430?
2, 5, 356443
What are the prime factors of 7653?
3, 2551
What are the prime factors of 3174341?
37, 85793
List the prime factors of 375149.
375149
List the prime factors of 971662.
2, 485831
What are the prime factors of 2067953?
23, 47, 1913
List the prime factors of 517359.
3, 31, 5563
What are the prime factors of 105136?
2, 6571
List the prime factors of